78.
2, 3, 11, 4783
List the prime factors of 4249508.
2, 139, 7643
List the prime factors of 767104.
2, 13, 461
What are the prime factors of 2289666?
2, 3, 29, 13159
List the prime factors of 882383.
29, 30427
What are the prime factors of 126288?
2, 3, 877
What are the prime factors of 7705577?
11, 31, 59, 383
What are the prime factors of 3258602?
2, 761, 2141
List the prime factors of 423085.
5, 13, 23, 283
List the prime factors of 3052753.
11, 191, 1453
What are the prime factors of 336054?
2, 3, 56009
What are the prime factors of 4012315?
5, 802463
List the prime factors of 84749.
7, 12107
What are the prime factors of 113986?
2, 56993
List the prime factors of 424473.
3, 7, 17, 29, 41
What are the prime factors of 17371427?
1787, 9721
What are the prime factors of 1952875?
5, 17, 919
List the prime factors of 3260632.
2, 407579
What are the prime factors of 8594239?
883, 9733
What are the prime factors of 6593418?
2, 3, 13, 19, 1483
List the prime factors of 19035790.
2, 5, 1903579
What are the prime factors of 2517540?
2, 3, 5, 41959
What are the prime factors of 34117728?
2, 3, 239, 1487
List the prime factors of 198416.
2, 12401
List the prime factors of 1434167.
7, 211, 971
List the prime factors of 5716634.
2, 7, 11, 5303
List the prime factors of 3882998.
2, 7, 23, 31, 389
List the prime factors of 224598.
2, 3, 11, 41, 83
List the prime factors of 2724084.
2, 3, 11, 2293
List the prime factors of 86749.
13, 6673
List the prime factors of 776878.
2, 311, 1249
What are the prime factors of 25727?
13, 1979
List the prime factors of 27814869.
3, 269, 11489
What are the prime factors of 303960?
2, 3, 5, 17, 149
What are the prime factors of 470325?
3, 5, 6271
List the prime factors of 1489363.
457, 3259
What are the prime factors of 465402?
2, 3, 7, 1583
What are the prime factors of 1298528?
2, 7, 11, 17, 31
What are the prime factors of 4797160?
2, 5, 119929
List the prime factors of 4564246.
2, 37, 1667
What are the prime factors of 58722?
2, 3, 9787
What are the prime factors of 191721?
3, 63907
What are the prime factors of 13739865?
3, 5, 915991
List the prime factors of 1315951.
7, 13, 14461
List the prime factors of 183209.
13, 17, 829
List the prime factors of 1611170.
2, 5, 11, 97, 151
List the prime factors of 19757.
23, 859
List the prime factors of 3061790.
2, 5, 223, 1373
What are the prime factors of 1373972?
2, 53, 6481
List the prime factors of 871383.
3, 71, 4091
What are the prime factors of 350288?
2, 21893
What are the prime factors of 3169413?
3, 13, 103, 263
List the prime factors of 1453182.
2, 3, 242197
List the prime factors of 1185320.
2, 5, 29633
List the prime factors of 83296.
2, 19, 137
What are the prime factors of 9142638?
2, 3, 23, 97, 683
What are the prime factors of 5078235?
3, 5, 233, 1453
What are the prime factors of 16374318?
2, 3, 317, 8609
List the prime factors of 250172.
2, 13, 17, 283
List the prime factors of 4202.
2, 11, 191
What are the prime factors of 20693852?
2, 1019, 5077
List the prime factors of 4939539.
3, 11, 43, 59
List the prime factors of 445402.
2, 79, 2819
List the prime factors of 12980731.
149, 87119
What are the prime factors of 619955?
5, 7, 17713
What are the prime factors of 12601570?
2, 5, 1260157
List the prime factors of 32331.
3, 13, 829
What are the prime factors of 15923317?
647, 24611
What are the prime factors of 174352?
2, 17, 641
List the prime factors of 2677191.
3, 11, 31, 2617
List the prime factors of 1388981.
11, 126271
What are the prime factors of 2010520?
2, 5, 50263
What are the prime factors of 33128483?
33128483
List the prime factors of 1302751.
953, 1367
What are the prime factors of 69464?
2, 19, 457
List the prime factors of 10584530.
2, 5, 11, 96223
List the prime factors of 366543.
3, 139, 293
What are the prime factors of 11414143?
13, 878011
List the prime factors of 25664958.
2, 3, 11, 43207
What are the prime factors of 375014?
2, 187507
What are the prime factors of 1609997?
1609997
List the prime factors of 414585.
3, 5, 37, 83
What are the prime factors of 158102?
2, 7, 23, 491
What are the prime factors of 467680?
2, 5, 37, 79
List the prime factors of 1363926.
2, 3, 103, 2207
What are the prime factors of 3533436?
2, 3, 32717
What are the prime factors of 41604698?
2, 2393, 8693
What are the prime factors of 775026?
2, 3, 7, 6151
What are the prime factors of 2267433?
3, 7, 31, 43
What are the prime factors of 7062367?
13, 543259
What are the prime factors of 5034?
2, 3, 839
List the prime factors of 894153.
3, 13, 101, 227
What are the prime factors of 7710128?
2, 481883
What are the prime factors of 165277?
7, 3373
List the prime factors of 3164.
2, 7, 113
List the prime factors of 78747.
3, 26249
List the prime factors of 114092.
2, 11, 2593
What are the prime factors of 181085?
5, 36217
What are the prime factors of 268671?
3, 13, 83
List the prime factors of 498195.
3, 5, 11071
List the prime factors of 5176077.
3, 1725359
What are the prime factors of 1183783?
71, 16673
What are the prime factors of 31006699?
47, 409, 1613
List the prime factors of 870613.
870613
What are the prime factors of 2919109?
2919109
List the prime factors of 2100756.
2, 3, 7, 89, 281
List the prime factors of 25229.
25229
What are the prime factors of 332412?
2, 3, 27701
List the prime factors of 9898162.
2, 4949081
List the prime factors of 15315743.
37, 89, 4651
What are the prime factors of 16320365?
5, 3264073
What are the prime factors of 1553513?
13, 73, 1637
What are the prime factors of 527260?
2, 5, 41, 643
List the prime factors of 533226.
2, 3, 181, 491
What are the prime factors of 131783?
131783
What are the prime factors of 3451516?
2, 862879
What are the prime factors of 7955842?
2, 3977921
What are the prime factors of 208194?
2, 3, 7, 4957
What are the prime factors of 1916183?
1916183
List the prime factors of 333422.
2, 43, 3877
List the prime factors of 47889.
3, 17, 313
List the prime factors of 859656.
2, 3, 7, 17, 43
List the prime factors of 385590.
2, 3, 5, 12853
What are the prime factors of 21186262?
2, 10593131
List the prime factors of 6981384.
2, 3, 461, 631
What are the prime factors of 6768905?
5, 11, 13, 9467
What are the prime factors of 229719?
3, 7, 10939
What are the prime factors of 7073555?
5, 109, 12979
List the prime factors of 111576.
2, 3, 4649
What are the prime factors of 2960964?
2, 3, 233, 353
What are the prime factors of 1563852?
2, 3, 19
List the prime factors of 1730921.
1730921
List the prime factors of 292745.
5, 58549
List the prime factors of 4651652.
2, 83, 14011
What are the prime factors of 10997979?
3, 19, 23, 8389
What are the prime factors of 12838969?
11, 13, 89783
What are the prime factors of 4342008?
2, 3, 11, 16447
What are the prime factors of 670886?
2, 29, 43, 269
What are the prime factors of 1572754?
2, 31, 25367
What are the prime factors of 862934?
2, 59, 71, 103
What are the prime factors of 430270?
2, 5, 17, 2531
What are the prime factors of 60641?
7, 8663
What are the prime factors of 1544925?
3, 5, 20599
What are the prime factors of 298134?
2, 3, 5521
What are the prime factors of 1543649?
1543649
What are the prime factors of 382370?
2, 5, 38237
What are the prime factors of 19253?
13, 1481
List the prime factors of 28250369.
7, 457, 8831
What are the prime factors of 9464400?
2, 3, 5, 11, 239
What are the prime factors of 391374?
2, 3, 17, 1279
What are the prime factors of 276904?
2, 34613
What are the prime factors of 13004?
2, 3251
List the prime factors of 4340958.
2, 3, 723493
List the prime factors of 162198.
2, 3, 9011
What are the prime factors of 537890?
2, 5, 19, 149
What are the prime factors of 157073?
7, 19, 1181
List the prime factors of 846617.
17, 49801
What are the prime factors of 5876299?
11, 13, 29, 109
What are the prime factors of 18673237?
11, 137, 12391
What are the prime factors of 302457?
3, 41, 2459
What are the prime factors of 102521?
157, 653
What are the prime factors of 53184?
2, 3, 277
What are the prime factors of 2771431?
13, 23, 31
What are the prime factors of 385361?
31, 401
What are the prime factors of 9875326?
2, 19, 23, 11299
List the prime factors of 3346348.
2, 17, 49211
List the prime factors of 785288.
2, 7, 37, 379
W